{"id":433,"date":"2024-01-08T00:46:25","date_gmt":"2024-01-07T23:46:25","guid":{"rendered":"http:\/\/metamorphoses-urbaines.fr\/?page_id=433"},"modified":"2024-04-29T09:24:40","modified_gmt":"2024-04-29T07:24:40","slug":"programmation-et-plan-de-gestion-despaces-publics","status":"publish","type":"page","link":"https:\/\/metamorphoses-urbaines.fr\/index.php\/programmation-et-plan-de-gestion-despaces-publics\/","title":{"rendered":"Programmer la nature en ville"},"content":{"rendered":"\n<p>Armature des villes et des territoires, les espaces publics subissent une forte pression d&rsquo;usages. L&rsquo;h\u00e9ritage, pourtant r\u00e9cent, d&rsquo;un am\u00e9nagement favorisant l&rsquo;automobile contraint les autres usagers, pi\u00e9tons actifs et \u00e0 mobilit\u00e9 r\u00e9duite et cyclistes, comme les modes de transport collectif. La n\u00e9cessaire renaturation des villes implique de faire \u00e9galement une place au vivant non humain, sans pour autant la r\u00e9duire \u00e0 un r\u00f4le uniquement serviciel. <br>Lorsqu&rsquo;ils sont \u00e0 cr\u00e9er dans les projets d&rsquo;am\u00e9nagements, la conception g\u00e9n\u00e9reuse d&rsquo;espaces publics doit \u00eatre d\u00e9fendue pour d\u00e9passer le crit\u00e8re de jugement financier, de l&rsquo;am\u00e9nagement et de la gestion. <br>Programmer des espaces publics g\u00e9n\u00e9reux, inclusifs, et anticiper leur gestion fait partie des convictions de M\u00e9tamorphoses Urbaines. Pour y parvenir, la co-construction avec les usagers et les services est une \u00e9vidence.<\/p>\n\n\n\n<h3 class=\"wp-block-heading\">Parcs urbains, espaces publics, aires de jeux, espaces naturels, agriculture urbaine<\/h3>\n\n\n\n<div class=\"wp-block-columns is-layout-flex wp-container-core-columns-is-layout-9d6595d7 wp-block-columns-is-layout-flex\">\n<div class=\"wp-block-column is-layout-flow wp-block-column-is-layout-flow\">\n<figure class=\"wp-block-image size-large is-resized\"><img loading=\"lazy\" decoding=\"async\" width=\"2362\" height=\"1770\" src=\"http:\/\/metamorphoses-urbaines.fr\/wp-content\/uploads\/2024\/01\/Les_Tartres_DSC8317-copie-1-edited-1.jpg\" alt=\"\" class=\"wp-image-452\" style=\"width:370px;height:auto\" srcset=\"https:\/\/metamorphoses-urbaines.fr\/wp-content\/uploads\/2024\/01\/Les_Tartres_DSC8317-copie-1-edited-1.jpg 2362w, https:\/\/metamorphoses-urbaines.fr\/wp-content\/uploads\/2024\/01\/Les_Tartres_DSC8317-copie-1-edited-1-300x225.jpg 300w, https:\/\/metamorphoses-urbaines.fr\/wp-content\/uploads\/2024\/01\/Les_Tartres_DSC8317-copie-1-edited-1-1024x767.jpg 1024w, https:\/\/metamorphoses-urbaines.fr\/wp-content\/uploads\/2024\/01\/Les_Tartres_DSC8317-copie-1-edited-1-768x576.jpg 768w, https:\/\/metamorphoses-urbaines.fr\/wp-content\/uploads\/2024\/01\/Les_Tartres_DSC8317-copie-1-edited-1-1536x1151.jpg 1536w, https:\/\/metamorphoses-urbaines.fr\/wp-content\/uploads\/2024\/01\/Les_Tartres_DSC8317-copie-1-edited-1-2048x1535.jpg 2048w\" sizes=\"auto, (max-width: 2362px) 100vw, 2362px\" \/><figcaption class=\"wp-element-caption\">\u00a9 Martyna Pawlak<\/figcaption><\/figure>\n\n\n\n<h3 class=\"wp-block-heading\">Construire le plan de gestion innovant des espaces publics de la ZAC des Tartres \u00e0 Stains et Saint-Denis <\/h3>\n\n\n\n<p>Plan de gestion innovant des espaces publics de la ZAC des Tartres, 2021-2023<br>Plaine Commune<br>Avec Urban-Eco, Cronos, ASM<\/p>\n<\/div>\n\n\n\n<div class=\"wp-block-column is-layout-flow wp-block-column-is-layout-flow\">\n<figure class=\"wp-block-image size-large\"><img loading=\"lazy\" decoding=\"async\" width=\"1024\" height=\"768\" src=\"http:\/\/metamorphoses-urbaines.fr\/wp-content\/uploads\/2024\/01\/terril-martinet4-1024x768.jpg\" alt=\"\" class=\"wp-image-738\" srcset=\"https:\/\/metamorphoses-urbaines.fr\/wp-content\/uploads\/2024\/01\/terril-martinet4-1024x768.jpg 1024w, https:\/\/metamorphoses-urbaines.fr\/wp-content\/uploads\/2024\/01\/terril-martinet4-300x225.jpg 300w, https:\/\/metamorphoses-urbaines.fr\/wp-content\/uploads\/2024\/01\/terril-martinet4-768x576.jpg 768w, https:\/\/metamorphoses-urbaines.fr\/wp-content\/uploads\/2024\/01\/terril-martinet4-1536x1152.jpg 1536w, https:\/\/metamorphoses-urbaines.fr\/wp-content\/uploads\/2024\/01\/terril-martinet4-2048x1536.jpg 2048w\" sizes=\"auto, (max-width: 1024px) 100vw, 1024px\" \/><\/figure>\n\n\n\n<h3 class=\"wp-block-heading\">Co-construire une gouvernance innovante pour le terril du Martinet \u00e0 Charleroi <\/h3>\n\n\n\n<p>Accompagner la mise en place d&rsquo;une gouvernance locale sur le site Martinet, Montceau-sur-Sambre et Roux<br>Ville de Charleroi<br>Avec XMU<\/p>\n<\/div>\n\n\n\n<div class=\"wp-block-column is-layout-flow wp-block-column-is-layout-flow\">\n<figure class=\"wp-block-image size-large\"><a href=\"https:\/\/metamorphoses-urbaines.fr\/wp-content\/uploads\/2024\/01\/MU_LaDefense2021.pdf\" target=\"_blank\" rel=\"noreferrer noopener\"><img loading=\"lazy\" decoding=\"async\" width=\"1153\" height=\"864\" src=\"https:\/\/metamorphoses-urbaines.fr\/wp-content\/uploads\/2024\/01\/La-Defense-edited.jpg\" alt=\"\" class=\"wp-image-823\" srcset=\"https:\/\/metamorphoses-urbaines.fr\/wp-content\/uploads\/2024\/01\/La-Defense-edited.jpg 1153w, https:\/\/metamorphoses-urbaines.fr\/wp-content\/uploads\/2024\/01\/La-Defense-edited-300x225.jpg 300w, https:\/\/metamorphoses-urbaines.fr\/wp-content\/uploads\/2024\/01\/La-Defense-edited-1024x767.jpg 1024w, https:\/\/metamorphoses-urbaines.fr\/wp-content\/uploads\/2024\/01\/La-Defense-edited-768x576.jpg 768w\" sizes=\"auto, (max-width: 1153px) 100vw, 1153px\" \/><\/a><figcaption class=\"wp-element-caption\">\u00a9 Marwan Harmouche<\/figcaption><\/figure>\n\n\n\n<h3 class=\"wp-block-heading\">\u00ab\u00a0Habiter\u00a0\u00bb le Boulevard Circulaire de la D\u00e9fense<\/h3>\n\n\n\n<p>AMO pour les \u00e9tudes urbaines, infrastructures, espaces publics du p\u00e9rim\u00e8tre du bd circulaire (RD993) de la D\u00e9fense<br>Sch\u00e9ma directeur d\u2019am\u00e9nagement urbain<br>Strat\u00e9gie de mise en \u0153uvre <br>D\u00e9partement des Hauts-de-Seine<br>Avec SETEC, ANMA, Ville en \u0152uvre, Trans-Faire, Intencit\u00e9<\/p>\n<\/div>\n<\/div>\n\n\n\n<div class=\"wp-block-columns is-layout-flex wp-container-core-columns-is-layout-9d6595d7 wp-block-columns-is-layout-flex\">\n<div class=\"wp-block-column is-layout-flow wp-block-column-is-layout-flow\">\n<figure class=\"wp-block-image size-large\"><img loading=\"lazy\" decoding=\"async\" width=\"1024\" height=\"768\" src=\"http:\/\/metamorphoses-urbaines.fr\/wp-content\/uploads\/2024\/01\/RUCH-1024x768.jpg\" alt=\"\" class=\"wp-image-208\" srcset=\"https:\/\/metamorphoses-urbaines.fr\/wp-content\/uploads\/2024\/01\/RUCH-1024x768.jpg 1024w, https:\/\/metamorphoses-urbaines.fr\/wp-content\/uploads\/2024\/01\/RUCH-300x225.jpg 300w, https:\/\/metamorphoses-urbaines.fr\/wp-content\/uploads\/2024\/01\/RUCH-768x576.jpg 768w, https:\/\/metamorphoses-urbaines.fr\/wp-content\/uploads\/2024\/01\/RUCH-1536x1152.jpg 1536w, https:\/\/metamorphoses-urbaines.fr\/wp-content\/uploads\/2024\/01\/RUCH-2048x1536.jpg 2048w\" sizes=\"auto, (max-width: 1024px) 100vw, 1024px\" \/><\/figure>\n\n\n\n<h3 class=\"wp-block-heading\">Renaturer un parking pour en faire un parc \u00ab\u00a0Flamboyant\u00a0\u00bb <\/h3>\n\n\n\n<p>Co-conception pr\u00e9alable du projet (2022) et pr\u00e9figuration (2023) en amont de la consultation de MOE<br>Atelier de concertation<br>Ville de Saint-Denis, \u00cele de la R\u00e9union<br>Avec GB2, Univert Durable<\/p>\n<\/div>\n\n\n\n<div class=\"wp-block-column is-layout-flow wp-block-column-is-layout-flow\">\n<figure class=\"wp-block-image size-large\"><img loading=\"lazy\" decoding=\"async\" width=\"900\" height=\"675\" src=\"https:\/\/metamorphoses-urbaines.fr\/wp-content\/uploads\/2024\/04\/Parc-des-Dames-Blanches-edited.jpg\" alt=\"\" class=\"wp-image-963\" srcset=\"https:\/\/metamorphoses-urbaines.fr\/wp-content\/uploads\/2024\/04\/Parc-des-Dames-Blanches-edited.jpg 900w, https:\/\/metamorphoses-urbaines.fr\/wp-content\/uploads\/2024\/04\/Parc-des-Dames-Blanches-edited-300x225.jpg 300w, https:\/\/metamorphoses-urbaines.fr\/wp-content\/uploads\/2024\/04\/Parc-des-Dames-Blanches-edited-768x576.jpg 768w\" sizes=\"auto, (max-width: 900px) 100vw, 900px\" \/><figcaption class=\"wp-element-caption\">\u00a9 Impact paysagiste<\/figcaption><\/figure>\n\n\n\n<h3 class=\"wp-block-heading\">Renaturer la ville avec la co-conception du nouveau parc des Dames Blanches \u00e0 Namur<\/h3>\n\n\n\n<p>Programmation et concertation avec un panel citoyen d&rsquo;un parc urbain de 7000 m\u00b2 \u00e0 l&#8217;emplacement d&rsquo;un \u00e9tablissement de formation, 2019<br>Ville de Namur, BEP<br>Avec ASM<br>En collaboration avec Impact<\/p>\n<\/div>\n\n\n\n<div class=\"wp-block-column is-layout-flow wp-block-column-is-layout-flow\">\n<figure class=\"wp-block-image size-large\"><img loading=\"lazy\" decoding=\"async\" width=\"1024\" height=\"768\" src=\"https:\/\/metamorphoses-urbaines.fr\/wp-content\/uploads\/2024\/01\/gembloux-parc-1024x768.jpg\" alt=\"\" class=\"wp-image-799\" srcset=\"https:\/\/metamorphoses-urbaines.fr\/wp-content\/uploads\/2024\/01\/gembloux-parc-1024x768.jpg 1024w, https:\/\/metamorphoses-urbaines.fr\/wp-content\/uploads\/2024\/01\/gembloux-parc-300x225.jpg 300w, https:\/\/metamorphoses-urbaines.fr\/wp-content\/uploads\/2024\/01\/gembloux-parc-768x576.jpg 768w, https:\/\/metamorphoses-urbaines.fr\/wp-content\/uploads\/2024\/01\/gembloux-parc-1536x1152.jpg 1536w, https:\/\/metamorphoses-urbaines.fr\/wp-content\/uploads\/2024\/01\/gembloux-parc-2048x1536.jpg 2048w\" sizes=\"auto, (max-width: 1024px) 100vw, 1024px\" \/><\/figure>\n\n\n\n<h3 class=\"wp-block-heading\">R\u00e9v\u00e9ler et ouvrir un parc public de 1,5 ha pour le quartier de la gare \u00e0 Gembloux<\/h3>\n\n\n\n<p>Etude pr\u00e9alable, 2015-2022<br>BEP<br>Une entreprise disposait dans sa parcelle, situ\u00e9e au c\u0153ur du futur quartier, d&rsquo;un jardin de 1,5 ha non utilis\u00e9. L&rsquo;agence a r\u00e9v\u00e9l\u00e9 l&rsquo;int\u00e9r\u00eat de maitriser cet espace pour l&rsquo;ouvrir aux habitants et contribu\u00e9 aux n\u00e9gociations financi\u00e8res pour y parvenir. <\/p>\n<\/div>\n<\/div>\n\n\n\n<div class=\"wp-block-columns is-layout-flex wp-container-core-columns-is-layout-9d6595d7 wp-block-columns-is-layout-flex\">\n<div class=\"wp-block-column is-layout-flow wp-block-column-is-layout-flow\">\n<figure class=\"wp-block-image size-full is-resized\"><img loading=\"lazy\" decoding=\"async\" width=\"776\" height=\"582\" src=\"https:\/\/metamorphoses-urbaines.fr\/wp-content\/uploads\/2024\/04\/Noisy-le-Sec_jeux-edited.jpg\" alt=\"\" class=\"wp-image-952\" style=\"width:368px;height:auto\" srcset=\"https:\/\/metamorphoses-urbaines.fr\/wp-content\/uploads\/2024\/04\/Noisy-le-Sec_jeux-edited.jpg 776w, https:\/\/metamorphoses-urbaines.fr\/wp-content\/uploads\/2024\/04\/Noisy-le-Sec_jeux-edited-300x225.jpg 300w, https:\/\/metamorphoses-urbaines.fr\/wp-content\/uploads\/2024\/04\/Noisy-le-Sec_jeux-edited-768x576.jpg 768w\" sizes=\"auto, (max-width: 776px) 100vw, 776px\" \/><figcaption class=\"wp-element-caption\">\u00a9 Julian Renard<\/figcaption><\/figure>\n\n\n\n<h3 class=\"wp-block-heading\">Plan de gestion des jeux pour enfants de Noisy-le-Sec<\/h3>\n\n\n\n<p>Observatoire, 2024<br>Ville de Noisy-le-Sec<\/p>\n<\/div>\n\n\n\n<div class=\"wp-block-column is-layout-flow wp-block-column-is-layout-flow\">\n<figure class=\"wp-block-image size-large is-resized\"><img loading=\"lazy\" decoding=\"async\" width=\"1049\" height=\"786\" src=\"http:\/\/metamorphoses-urbaines.fr\/wp-content\/uploads\/2024\/01\/Reims-edited.jpg\" alt=\"\" class=\"wp-image-286\" style=\"width:368px;height:auto\" srcset=\"https:\/\/metamorphoses-urbaines.fr\/wp-content\/uploads\/2024\/01\/Reims-edited.jpg 1049w, https:\/\/metamorphoses-urbaines.fr\/wp-content\/uploads\/2024\/01\/Reims-edited-300x225.jpg 300w, https:\/\/metamorphoses-urbaines.fr\/wp-content\/uploads\/2024\/01\/Reims-edited-1024x767.jpg 1024w, https:\/\/metamorphoses-urbaines.fr\/wp-content\/uploads\/2024\/01\/Reims-edited-768x575.jpg 768w\" sizes=\"auto, (max-width: 1049px) 100vw, 1049px\" \/><figcaption class=\"wp-element-caption\">\u00a9 Martyna Pawlak<\/figcaption><\/figure>\n\n\n\n<h3 class=\"wp-block-heading\">Articuler les usages pour m\u00e9nager l&rsquo;espace public de la Voie des Sacres \u00e0 Reims<\/h3>\n\n\n\n<p>Mission de MOE urbaine, programmation et concertation, 2023<br>Ville de Reims<br>Avec Leclercq, Base, RRA, ASM, OtraVista <\/p>\n\n\n\n<p><\/p>\n<\/div>\n\n\n\n<div class=\"wp-block-column is-layout-flow wp-block-column-is-layout-flow\">\n<figure class=\"wp-block-image size-large\"><img loading=\"lazy\" decoding=\"async\" width=\"1024\" height=\"768\" src=\"http:\/\/metamorphoses-urbaines.fr\/wp-content\/uploads\/2024\/01\/Claas-architectes-FUDOGO-BDA-int-b-edited-1024x768.jpg\" alt=\"\" class=\"wp-image-737\" srcset=\"https:\/\/metamorphoses-urbaines.fr\/wp-content\/uploads\/2024\/01\/Claas-architectes-FUDOGO-BDA-int-b-edited-1024x768.jpg 1024w, https:\/\/metamorphoses-urbaines.fr\/wp-content\/uploads\/2024\/01\/Claas-architectes-FUDOGO-BDA-int-b-edited-300x225.jpg 300w, https:\/\/metamorphoses-urbaines.fr\/wp-content\/uploads\/2024\/01\/Claas-architectes-FUDOGO-BDA-int-b-edited-768x576.jpg 768w, https:\/\/metamorphoses-urbaines.fr\/wp-content\/uploads\/2024\/01\/Claas-architectes-FUDOGO-BDA-int-b-edited-1536x1151.jpg 1536w, https:\/\/metamorphoses-urbaines.fr\/wp-content\/uploads\/2024\/01\/Claas-architectes-FUDOGO-BDA-int-b-edited.jpg 1541w\" sizes=\"auto, (max-width: 1024px) 100vw, 1024px\" \/><figcaption class=\"wp-element-caption\">CLAAS Architectes, \u00a9Simon Guesdon<\/figcaption><\/figure>\n\n\n\n<h3 class=\"wp-block-heading\">R\u00e9activer 5 fermes urbaines dans l&rsquo;\u00e9coquartier Doulon-Gohards \u00e0 Nantes<\/h3>\n\n\n\n<p>Etude, 2019<br>Nantes M\u00e9tropole Am\u00e9nagement<\/p>\n<\/div>\n<\/div>\n","protected":false},"excerpt":{"rendered":"<p>Armature des villes et des territoires, les espaces publics subissent une forte pression d&rsquo;usages. L&rsquo;h\u00e9ritage, pourtant r\u00e9cent, d&rsquo;un am\u00e9nagement favorisant l&rsquo;automobile contraint les autres usagers, pi\u00e9tons actifs et \u00e0 mobilit\u00e9 r\u00e9duite et cyclistes, comme les modes de transport collectif. La n\u00e9cessaire renaturation des villes implique de faire \u00e9galement une place au vivant non humain, sans&hellip;&nbsp;<a href=\"https:\/\/metamorphoses-urbaines.fr\/index.php\/programmation-et-plan-de-gestion-despaces-publics\/\" class=\"\" rel=\"bookmark\">Lire la suite &raquo;<span class=\"screen-reader-text\">Programmer la nature en ville<\/span><\/a><\/p>\n","protected":false},"author":1,"featured_media":0,"parent":0,"menu_order":0,"comment_status":"closed","ping_status":"closed","template":"","meta":{"neve_meta_sidebar":"","neve_meta_container":"","neve_meta_enable_content_width":"","neve_meta_content_width":0,"neve_meta_title_alignment":"","neve_meta_author_avatar":"","neve_post_elements_order":"","neve_meta_disable_header":"","neve_meta_disable_footer":"","neve_meta_disable_title":"","footnotes":""},"class_list":["post-433","page","type-page","status-publish","hentry"],"_links":{"self":[{"href":"https:\/\/metamorphoses-urbaines.fr\/index.php\/wp-json\/wp\/v2\/pages\/433","targetHints":{"allow":["GET"]}}],"collection":[{"href":"https:\/\/metamorphoses-urbaines.fr\/index.php\/wp-json\/wp\/v2\/pages"}],"about":[{"href":"https:\/\/metamorphoses-urbaines.fr\/index.php\/wp-json\/wp\/v2\/types\/page"}],"author":[{"embeddable":true,"href":"https:\/\/metamorphoses-urbaines.fr\/index.php\/wp-json\/wp\/v2\/users\/1"}],"replies":[{"embeddable":true,"href":"https:\/\/metamorphoses-urbaines.fr\/index.php\/wp-json\/wp\/v2\/comments?post=433"}],"version-history":[{"count":20,"href":"https:\/\/metamorphoses-urbaines.fr\/index.php\/wp-json\/wp\/v2\/pages\/433\/revisions"}],"predecessor-version":[{"id":966,"href":"https:\/\/metamorphoses-urbaines.fr\/index.php\/wp-json\/wp\/v2\/pages\/433\/revisions\/966"}],"wp:attachment":[{"href":"https:\/\/metamorphoses-urbaines.fr\/index.php\/wp-json\/wp\/v2\/media?parent=433"}],"curies":[{"name":"wp","href":"https:\/\/api.w.org\/{rel}","templated":true}]}}